 0. Suppose -q*c + 70 = -c. What are the prime factors of c?
2, 7
Suppose t + 3*t - 8 = 0. Let i be -1 - (t - 2) - -7. List the prime factors of (-16)/i*(-27)/6.
2, 3
Suppose 4*o + q + 4*q - 15 = 0, 0 = -o - 3*q - 5. Let g = o + -6. What are the prime factors of ((-33)/6)/((-2)/g)?
11
Let r(o) = o**2 + 2*o + 3. Let h = 0 - 4. List the prime factors of r(h).
11
What are the prime factors of 9/(9/52) - -4?
2, 7
Let h be (2/3)/(10/75). Let o(z) = -z**3 + 4*z**2 + 4*z + 3. Let j be o(h). List the prime factors of (-14)/1*j/4.
7
Let t be (-2)/16*-4*14. Let l be -2*(2 + (0 - 1)). Let j = t - l. List the prime factors of j.
3
Let d be ((-21)/6 + 1)*-2. Suppose a - d = -0*a. Suppose 0*q = 5*q - a*b, 4*q = 5*b - 3. List the prime factors of q.
3
Let u be (-5 - 28)/((-6)/4). What are the prime factors of 4/22 + 656/u?
2, 3, 5
Let n = -18 + 25. What are the prime factors of 2/(((-14)/(-8))/n)?
2
Let r = 156 - 79. List the prime factors of r.
7, 11
Suppose 0 = 10*c - 13*c + 384. What are the prime factors of c?
2
Suppose 925 = d + 4*d. Suppose -4*i + d = i. What are the prime factors of i?
37
Suppose -k - a - 12 = -63, -2*k + 86 = -2*a. What are the prime factors of k?
47
Suppose 90 = -0*u + 5*u. Let w be 1 - (-2 - u) - 0. Suppose 4*f - w = f. What are the prime factors of f?
7
Suppose -2*t - d + 11 = 0, -3*t - t + 7 = 5*d. Suppose 0 = 5*p - t - 27. What are the prime factors of p?
7
What are the prime factors of ((-75)/10)/(((-5)/34)/5)?
3, 5, 17
Let j(i) = -i**3 - i**2 + i + 1. Let z be j(0). Let t be z + (0 - 1) + 2. Suppose -3*w - t*w = -15. List the prime factors of w.
3
Let n be (-2 - -4 - -8)/(-1). List the prime factors of (n/(-3))/((-2)/(-21)).
5, 7
Let c(d) = -d - 4. Let y be c(-6). Suppose -4*p = 5*g - 70, p + 7 = y*p - 4*g. Let u = -11 + p. List the prime factors of u.
2
Suppose 3*s - 93 - 213 = 0. List the prime factors of s.
2, 3, 17
Let q be 2 - (3 + (1 - 3)). Let f be 21 - q/(1 - 0). Suppose -2*x = 3*x - f. What are the prime factors of x?
2
Let a = 229 + -47. List the prime factors of a.
2, 7, 13
Let w(x) = 7*x**3 - 6*x + 14. What are the prime factors of w(3)?
5, 37
Let s be (-2 - (-2)/4)*-2. Suppose s*v = -v + 36. What are the prime factors of v?
3
Suppose 21 = l + 5*m, l - 4*m - 29 = 1. List the prime factors of l.
2, 13
Let n be 0*((-75)/20 + 4). Let b(u) = 2*u**3 - u + u**3 + 3 - 2*u**3 + u**2. What are the prime factors of b(n)?
3
Let y(a) = a**2 - a. List the prime factors of y(-6).
2, 3, 7
Let b(l) = 7*l**2 - 6*l + 5. Let c(t) = -7*t**2 + 5*t - 4. Let u(w) = -3*b(w) - 4*c(w). Let d be u(1). Suppose -5*j = -4 - d. List the prime factors of j.
2
Suppose -3*u + 2*p + 106 = 16, 4*p = -u + 30. Suppose -4*t + u = 3*b - 6*b, 0 = -3*t - b + 16. What are the prime factors of t/9*24 + 0?
2
Let s(m) = m**2 + 6*m + 1. What are the prime factors of s(-11)?
2, 7
What are the prime factors of 28/(-6)*8/((-128)/456)?
7, 19
Let m = -81 - -84. List the prime factors of m.
3
Let c(z) = -3*z + 1. Let i be c(-1). Suppose 4*x + i = v + 5*x, 0 = -5*v - 3*x + 20. Suppose y - 4*t = 3*y - 30, -5*t = v*y - 48. List the prime factors of y.
7
Let d(m) = m**3 + 3*m**2 + m. Let v be d(-2). Suppose r + v*o = 11, 3*r - 4*o - 26 = -3*o. What are the prime factors of r?
3
Let f(v) = v + 1. Let y be f(-5). Let d(g) = -4*g - 2. List the prime factors of d(y).
2, 7
Suppose 78 + 176 = m + n, 3*n + 1278 = 5*m. List the prime factors of m.
3, 5, 17
Let h be ((-3)/9)/(2/(-474)). Let a = h + -32. List the prime factors of a.
47
Let l = -17 + 24. Suppose 4*x + 6 = -2*y, -3*x + 27 - l = 5*y. List the prime factors of y.
7
Suppose 0 = 5*s - s - 16. Suppose 5*q - j - 3*j = 39, -s*j + 3 = q. List the prime factors of q.
7
Suppose 0 = 2*d - 5 + 1. Suppose -d*z = -3*z + 5. Suppose 0 = -z*n + 2*n + 51. List the prime factors of n.
17
Suppose 0*f + 2*f + 4*k - 140 = 0, -364 = -5*f - 3*k. What are the prime factors of f?
2, 37
Let u(m) = m - 27. Let v be u(0). Let g = -125 + 106. Let s = g - v. List the prime factors of s.
2
Let v be 108/16*2*2. Suppose -4*q - v = -3*b, -3*b + 4*q - 2*q = -21. Suppose 4*z - 21 = y, -8*y - b = -3*y. List the prime factors of z.
5
Suppose 3*f = 2*i + 37, 0*i = 2*f - i - 25. What are the prime factors of f?
13
Let j = -47 - -96. List the prime factors of j.
7
Suppose -s = -4*d - 17 + 5, -3*s + 4*d = -60. What are the prime factors of s?
2, 3
Let y be ((-1)/(-1) + 1)*3. Let s(g) = -g + 6. Let f be s(y). Suppose f*q = 5*q - 15. What are the prime factors of q?
3
Let n = -3 - -12. What are the prime factors of n?
3
Suppose 3200 = 4*g - 5*r, 2*r - 3228 = -3*g - g. What are the prime factors of g/91 - 2/(-13)?
3
Let a(l) be the second derivative of -l**3/3 - 2*l**2 + 5*l. List the prime factors of a(-9).
2, 7
Suppose 3*z - 68 = 91. What are the prime factors of z?
53
Let w = 46 + 15. What are the prime factors of w?
61
Let a be (-1 - (-2 + 3))*-1. Suppose a*l = 4*l - 244. List the prime factors of l/8 - (-5)/(-20).
3, 5
Let g = 45 - 27. What are the prime factors of g?
2, 3
Suppose 5*p + 0*s - 1060 = 2*s, 5*p + 3*s = 1060. List the prime factors of p.
2, 53
Let p be (-2)/((-2 - -1)*1). Suppose p*a - 23 + 13 = 0. List the prime factors of a.
5
Let c be (-9 + 1)/(-4) - 0. Suppose 38 - 2 = c*z. List the prime factors of z.
2, 3
Suppose 5*o = -3*t + 52, 26 = 2*o - 0*o - 4*t. List the prime factors of o.
11
Let n be 1/(3/(-21)) + 1. Let z be (n/4)/((-4)/8). Suppose 2*h - 7*h - 10 = z*s, 4*h = -s - 15. What are the prime factors of s?
5
Let r = -48 - -148. List the prime factors of r.
2, 5
Let b be (2/5)/((-3)/(-15)). Let w = b - 0. What are the prime factors of w?
2
What are the prime factors of 6/(-4)*(-12)/6?
3
Suppose -5*y = -22 + 2. Let p = y - -8. What are the prime factors of p?
2, 3
Let d(h) = h + 9. Suppose -3*j = -4*p + 11 + 10, 0 = -5*p. Let o be d(j). Suppose 4*s + 3*b = -0*b + 65, -o*s + 22 = -2*b. List the prime factors of s.
2, 7
Let a = -92 - -15. List the prime factors of (-4)/10 + a/(-5).
3, 5
Let y be 7*-3 - 2/2. Let n = 18 - y. Suppose 0*r = 5*r - n. What are the prime factors of r?
2
Suppose -3*j = 2*b - 4, 0 = -3*b + 2*j - 0*j + 19. Suppose -y = -g - 6, -b*y + 5*g + 19 = -y. List the prime factors of y.
11
Suppose 4*a = 8*a. Let m(j) = j + 3. Let o be m(a). Suppose -27 = -o*u - 6. List the prime factors of u.
7
Suppose 2*y = -5*s - 19, y = -y - s + 1. What are the prime factors of y?
3
Let b(y) = -y**2 + 3*y - 2. Let m be b(2). Let x(o) = o + 2. Let h be x(m). Suppose -3*q + 11 - h = 0. What are the prime factors of q?
3
Suppose 0 = -h + 5, 0 = -4*l - 5*h + 41 - 0. Suppose 0 = 5*g - 4 - 1, -5*b = -l*g - 51. What are the prime factors of b?
11
Suppose v = 2*v - 2. What are the prime factors of v?
2
Let i(p) = -p**2 - 10*p. Let n be i(-8). Suppose -2*w - 2*w = -n. List the prime factors of w.
2
Let p(o) = -o**3 - 5*o**2 - 3*o. Let t be p(-3). Let c = t - -15. List the prime factors of c.
2, 3
List the prime factors of (-195)/26*4/(-6).
5
What are the prime factors of 410/12 - 2/12?
2, 17
Suppose 0 = -6*j + 2*j - 3*k + 539, -5*k + 25 = 0. What are the prime factors of j?
131
Suppose -3*p + 0*p + 15 = 0. Suppose -5*t + 113 = -2*y, -p*t = 4*y - y - 118. List the prime factors of t.
23
Suppose 3*l - 6*l + 258 = -i, 5*l - i - 432 = 0. List the prime factors of l.
3, 29
Let m(l) = -l**2 + 4*l + 2. Let z be m(4). Suppose 0 = z*o - 6, -6*t + 3*t + 3*o + 21 = 0. What are the prime factors of t?
2, 5
Let v(u) = -2*u**2 - 9*u - 7. Let i(b) = b**2 + 4*b + 3. Let p(r) = -13*i(r) - 6*v(r). Let t be p(3). Let x(h) = -h**3 - h + 14. List the prime factors of x(t).
2, 7
List the prime factors of ((-5)/(-4))/(9/180).
5
Suppose 54*w = 56*w - 322. List the prime factors of w.
7, 23
Let h be (13 + -1)*2/6. Suppose -h*b + 120 = 4*l, -6*l + l = -4*b + 138. List the prime factors of b.
2
Let v(f) = 5*f**2 - 6*f - 3. What are the prime factors of v(4)?
53
Let o = 4 - 0. Suppose -o*t + 9 = -15. Suppose -2*f + t*f = 16. List the prime factors of f.
2
Let a = 30 - -7. Suppose 4*o - a = o - c, 71 = 5*o - 3*c. What are the prime factors of o?
13
Let f(x) = -3*x. Suppose 2 = -4*p + 2*p. What are the prime factors of f(p)?
3
Let f be (30/25)/(4/10). Let w(s) = 2*s - 2. Let v be w(f). Suppose -v*y + 1 = o + y, 4*y + 28 = 4*o. What are the prime factors of o?
2, 3
Let w(b